 89, 593
List the prime factors of 126210.
2, 3, 5, 7, 601
List the prime factors of 3231343.
17, 67, 2837
What are the prime factors of 4154598?
2, 3, 7, 29, 379
What are the prime factors of 355805?
5, 71161
List the prime factors of 298139.
443, 673
List the prime factors of 9337251.
3, 7, 11, 83, 487
List the prime factors of 270930.
2, 3, 5, 11, 821
List the prime factors of 771965.
5, 181, 853
What are the prime factors of 1023834?
2, 3, 7, 19, 1283
List the prime factors of 18444410.
2, 5, 1844441
List the prime factors of 6050611.
7, 31, 27883
List the prime factors of 611865.
3, 5, 13597
List the prime factors of 87708.
2, 3, 7309
What are the prime factors of 11931578?
2, 5965789
What are the prime factors of 6140219?
6140219
List the prime factors of 520403.
13, 40031
What are the prime factors of 114778?
2, 57389
What are the prime factors of 2300646?
2, 3, 59, 67, 97
List the prime factors of 102616.
2, 101, 127
List the prime factors of 148301.
148301
List the prime factors of 137627.
7, 19661
What are the prime factors of 976401?
3, 29, 43
List the prime factors of 17389992.
2, 3, 724583
List the prime factors of 145311.
3, 48437
List the prime factors of 221225.
5, 8849
What are the prime factors of 2463515?
5, 283, 1741
List the prime factors of 185624.
2, 23203
List the prime factors of 6839838.
2, 3, 43, 8837
What are the prime factors of 18039400?
2, 5, 90197
What are the prime factors of 1356879?
3, 452293
What are the prime factors of 3893139?
3, 491, 881
What are the prime factors of 41815?
5, 8363
What are the prime factors of 732985?
5, 11, 13327
List the prime factors of 1910512.
2, 97, 1231
What are the prime factors of 408496?
2, 11, 211
What are the prime factors of 13635?
3, 5, 101
What are the prime factors of 942459?
3, 7, 44879
What are the prime factors of 3399055?
5, 11, 23, 2687
List the prime factors of 14890931.
11, 139, 9739
List the prime factors of 675162.
2, 3, 12503
What are the prime factors of 667855?
5, 133571
What are the prime factors of 28862?
2, 14431
What are the prime factors of 710661?
3, 7, 43, 787
What are the prime factors of 8547954?
2, 3, 1424659
List the prime factors of 4879349.
4879349
What are the prime factors of 601770?
2, 3, 5, 13, 1543
What are the prime factors of 2245985?
5, 7, 64171
What are the prime factors of 24034635?
3, 5, 43, 12421
List the prime factors of 7105767.
3, 2368589
What are the prime factors of 747792?
2, 3, 577
What are the prime factors of 5047369?
19, 421, 631
List the prime factors of 123954.
2, 3, 73, 283
What are the prime factors of 498127?
7, 71161
What are the prime factors of 33868955?
5, 29, 163, 1433
What are the prime factors of 14395680?
2, 3, 5, 13, 769
List the prime factors of 21166053.
3, 2351, 3001
What are the prime factors of 13285163?
13285163
List the prime factors of 24454423.
7, 101, 34589
What are the prime factors of 21386835?
3, 5, 52807
List the prime factors of 6001619.
13, 509, 907
List the prime factors of 227066.
2, 7, 331
List the prime factors of 170596.
2, 42649
What are the prime factors of 2155460?
2, 5, 107773
List the prime factors of 6711285.
3, 5, 7, 23, 397
What are the prime factors of 1180395?
3, 5, 17, 1543
What are the prime factors of 635633?
479, 1327
What are the prime factors of 60346?
2, 11, 13, 211
List the prime factors of 95334.
2, 3, 15889
What are the prime factors of 2334354?
2, 3, 11, 113, 313
What are the prime factors of 171127?
11, 47, 331
What are the prime factors of 686983?
11, 19, 173
List the prime factors of 364133.
7, 11, 4729
What are the prime factors of 366905?
5, 7, 11, 953
What are the prime factors of 265089?
3, 11, 29, 277
What are the prime factors of 2269414?
2, 7, 173, 937
What are the prime factors of 18230307?
3, 17, 37, 9661
What are the prime factors of 188095?
5, 37619
List the prime factors of 327648.
2, 3, 3413
List the prime factors of 2263584.
2, 3, 17, 19, 73
List the prime factors of 184986.
2, 3, 43, 239
List the prime factors of 929617.
13, 43, 1663
List the prime factors of 4293454.
2, 11, 195157
List the prime factors of 874171.
19, 139, 331
List the prime factors of 24788366.
2, 353, 35111
List the prime factors of 269229.
3, 17, 5279
What are the prime factors of 155546?
2, 77773
List the prime factors of 1058876.
2, 7, 13, 2909
List the prime factors of 5707270.
2, 5, 173, 3299
What are the prime factors of 2041155?
3, 5, 67, 677
List the prime factors of 439954.
2, 219977
List the prime factors of 136039.
29, 4691
List the prime factors of 2434312.
2, 97, 3137
What are the prime factors of 916191?
3, 11311
What are the prime factors of 18776469?
3, 53, 269, 439
What are the prime factors of 1657484?
2, 19, 113, 193
What are the prime factors of 214072?
2, 26759
What are the prime factors of 17754226?
2, 7, 1063, 1193
What are the prime factors of 2599859?
2599859
What are the prime factors of 56477?
56477
What are the prime factors of 1499777?
1051, 1427
List the prime factors of 684818.
2, 43, 7963
What are the prime factors of 230597?
230597
List the prime factors of 6427.
6427
What are the prime factors of 82170?
2, 3, 5, 11, 83
List the prime factors of 3128947.
59, 181, 293
List the prime factors of 700353.
3, 25939
What are the prime factors of 1966894?
2, 983447
What are the prime factors of 139689?
3, 11, 17, 83
What are the prime factors of 1243243?
41, 30323
List the prime factors of 5402525.
5, 31, 6971
What are the prime factors of 721829?
19, 37991
List the prime factors of 3947288.
2, 19, 25969
List the prime factors of 221988.
2, 3, 13, 1423
What are the prime factors of 779359?
7, 111337
List the prime factors of 9696054.
2, 3, 1616009
What are the prime factors of 445031?
445031
What are the prime factors of 2659652?
2, 83, 8011
What are the prime factors of 245543?
29, 8467
What are the prime factors of 23539258?
2, 23, 511723
List the prime factors of 17226997.
59, 291983
What are the prime factors of 9526445?
5, 523, 3643
What are the prime factors of 3052638?
2, 3, 169591
What are the prime factors of 94026?
2, 3, 15671
List the prime factors of 758265.
3, 5, 50551
What are the prime factors of 45792?
2, 3, 53
List the prime factors of 242238.
2, 3, 47, 859
List the prime factors of 1687583.
1687583
What are the prime factors of 557575?
5, 22303
List the prime factors of 917600.
2, 5, 31, 37
What are the prime factors of 928687?
67, 83, 167
What are the prime factors of 228250?
2, 5, 11, 83
What are the prime factors of 1813003?
1813003
List the prime factors of 2025972.
2, 3, 13, 37
List the prime factors of 1002959.
37, 27107
What are the prime factors of 22563187?
1201, 18787
What are the prime factors of 2724496?
2, 47, 3623
List the prime factors of 11552549.
11552549
List the prime factors of 3458700.
2, 3, 5, 7, 61
What are the prime factors of 8150403?
3, 677, 4013
List the prime factors of 1307955.
3, 5, 11, 7927
List the prime factors of 579196.
2, 19, 7621
List the prime factors of 1778324.
2, 19, 23399
List the prime factors of 352730.
2, 5, 7, 5039
List the prime factors of 5394415.
5, 13, 37, 2243
What are the prime factors of 3613096?
2, 451637
What are the prime factors of 6787638?
2, 3, 11, 13, 293
What are the prime factors of 29493204?
2, 3, 13, 14543
List the prime factors of 8820462.
2, 3, 7, 210011
What are the prime factors of 41464?
2, 71, 73
List the prime factors of 3451676.
2, 862919
List the prime factors of 240554.
2, 120277
List the prime factors of 4562763.
3, 23, 89, 743
What are the prime factors of 27198642?
2, 3, 4533107
What are the prime factors of 444902?
2, 47, 4733
What are the prime factors of 1056629?
7, 271, 557
List the prime factors of 9683080.
2, 5, 11, 59, 373
What are the prime factors of 2562938?
2, 7, 183067
What are the prime factors of 164701?
164701
List the prime factors of 5379850.
2, 5, 7, 19, 809
What are the prime factors of 406128?
2, 3, 8461
What are the prime factors of 875032?
2, 109379
List the prime factors of 320174.
2, 160087
List the prime factors of 3987105.
3, 5, 265807
What are the prime factors of 673019?
673019
What are the prime factors of 386175?
3, 5, 19, 271
What are the prime factors of 133867?
263, 509
What are the prime factors of 2604578?
2, 37, 61, 577
List